{"id":149,"date":"2016-08-30T21:50:29","date_gmt":"2016-08-30T21:50:29","guid":{"rendered":"http:\/\/dolda.cz\/?page_id=149"},"modified":"2024-01-26T18:21:27","modified_gmt":"2024-01-26T18:21:27","slug":"events","status":"publish","type":"page","link":"https:\/\/www.pavelsuba.cz\/","title":{"rendered":"O mn\u011b"},"content":{"rendered":"\n<p><strong>KONTAKT<\/strong>: email: info@pavelsuba.cz<\/p>\n\n\n\n<div class=\"wp-block-media-text alignwide has-media-on-the-right is-stacked-on-mobile is-vertically-aligned-top\" style=\"grid-template-columns:auto 33%\"><figure class=\"wp-block-media-text__media\"><img loading=\"lazy\" decoding=\"async\" width=\"548\" height=\"798\" src=\"http:\/\/www.pavelsuba.cz\/wp-content\/uploads\/2020\/07\/IMG_9732c.jpg\" alt=\"\" class=\"wp-image-444\" srcset=\"https:\/\/www.pavelsuba.cz\/wp-content\/uploads\/2020\/07\/IMG_9732c.jpg 548w, https:\/\/www.pavelsuba.cz\/wp-content\/uploads\/2020\/07\/IMG_9732c-206x300.jpg 206w\" sizes=\"(max-width: 548px) 100vw, 548px\" \/><\/figure><div class=\"wp-block-media-text__content\">\n<p class=\"has-normal-font-size\">Narodil jsem se ve \u0160v\u00fdcarsku v roce 1973, pot\u00e9 emigrovali moji rodi\u010de do Ji\u017en\u00ed Afriky v roce 1975. B\u011bhem sv\u00e9ho pobytu v JARu do roku 1990 jsem v letech 1986-1990 nav\u0161t\u011bvoval N\u00e1rodn\u00ed Um\u011bleckou \u0160kolu (National School of the Arts), kde jsem se specializoval na vizu\u00e1ln\u00ed um\u011bn\u00ed, jako je fotografie, grafika a design. V roce 1990, po p\u00e1du \u017eelezn\u00e9 opony, emigrovali rodi\u010de do tehdej\u0161\u00edho \u010ceskoslovenska, kde jsem v roce 1991 byl p\u0159ijat ke studiu na FAMU v Praze. Specializoval jsem se na dokument\u00e1rn\u00ed a redak\u010dn\u00ed fotografii ve studi\u00edch Pavla Diase, Pavla \u0160techy a Viktora Kol\u00e1\u0159e. Po absolvov\u00e1n\u00ed s&nbsp;titulem BcA, jsem v roce 1995 pracoval pro r\u016fzn\u00e9 noviny a fotografoval jsem pro \u010dasopisy a klubov\u00e9 promot\u00e9ry, dokumentoval r\u016fzn\u00e9 ud\u00e1losti, tvo\u0159il dokument\u00e1rn\u00ed cykly atd. V letech 2000-2008 jsem si ud\u011blal p\u0159est\u00e1vku od fotografie a studoval Evangelickou Teologii na Karlov\u011b univerzit\u011b. Mezi m\u00e9 specializovan\u00e9 oblasti ve fotografii pat\u0159\u00ed foto \u017eurnalistika a fotografie pro \u010dl\u00e1nky, portr\u00e9ty a makro. Krom\u011b technick\u00e9 kompetence je pro m\u011b nanejv\u00fd\u0161 d\u016fle\u017eit\u00e9, abych zachytil lidi zp\u016fsobem, kter\u00fd odhal\u00ed n\u011bco o jejich vnit\u0159n\u00edch osobnostech. M\u00e1m relativn\u011b puristick\u00fd p\u0159\u00edstup a upravuji fotografie takov\u00fdm zp\u016fsobem, kter\u00fd udr\u017euje p\u0159irozenost a vzhled fotografie sp\u00ed\u0161e ne\u017e aby vypadaly jako digit\u00e1ln\u00ed um\u011bn\u00ed.<\/p>\n<\/div><\/div>\n","protected":false},"excerpt":{"rendered":"<p>CONTENTS<\/p>\n","protected":false},"author":1,"featured_media":0,"parent":0,"menu_order":0,"comment_status":"closed","ping_status":"closed","template":"","meta":{"ngg_post_thumbnail":0,"footnotes":""},"_links":{"self":[{"href":"https:\/\/www.pavelsuba.cz\/index.php?rest_route=\/wp\/v2\/pages\/149"}],"collection":[{"href":"https:\/\/www.pavelsuba.cz\/index.php?rest_route=\/wp\/v2\/pages"}],"about":[{"href":"https:\/\/www.pavelsuba.cz\/index.php?rest_route=\/wp\/v2\/types\/page"}],"author":[{"embeddable":true,"href":"https:\/\/www.pavelsuba.cz\/index.php?rest_route=\/wp\/v2\/users\/1"}],"replies":[{"embeddable":true,"href":"https:\/\/www.pavelsuba.cz\/index.php?rest_route=%2Fwp%2Fv2%2Fcomments&post=149"}],"version-history":[{"count":12,"href":"https:\/\/www.pavelsuba.cz\/index.php?rest_route=\/wp\/v2\/pages\/149\/revisions"}],"predecessor-version":[{"id":1267,"href":"https:\/\/www.pavelsuba.cz\/index.php?rest_route=\/wp\/v2\/pages\/149\/revisions\/1267"}],"wp:attachment":[{"href":"https:\/\/www.pavelsuba.cz\/index.php?rest_route=%2Fwp%2Fv2%2Fmedia&parent=149"}],"curies":[{"name":"wp","href":"https:\/\/api.w.org\/{rel}","templated":true}]}}

O mně

<p><strong>KONTAKT</strong>: email: info@pavelsuba.cz</p>



<div class="wp-block-media-text alignwide has-media-on-the-right is-stacked-on-mobile is-vertically-aligned-top" style="grid-template-columns:auto 33%"><figure class="wp-block-media-text__media"><img loading="lazy" decoding="async" width="548" height="798" src="http://www.pavelsuba.cz/wp-content/uploads/2020/07/IMG_9732c.jpg" alt="" class="wp-image-444" srcset="https://www.pavelsuba.cz/wp-content/uploads/2020/07/IMG_9732c.jpg 548w, https://www.pavelsuba.cz/wp-content/uploads/2020/07/IMG_9732c-206x300.jpg 206w" sizes="(max-width: 548px) 100vw, 548px" /></figure><div class="wp-block-media-text__content">
<p class="has-normal-font-size">Narodil jsem se ve Švýcarsku v roce 1973, poté emigrovali moji rodiče do Jižní Afriky v roce 1975. Během svého pobytu v JARu do roku 1990 jsem v letech 1986-1990 navštěvoval Národní Uměleckou Školu (National School of the Arts), kde jsem se specializoval na vizuální umění, jako je fotografie, grafika a design. V roce 1990, po pádu železné opony, emigrovali rodiče do tehdejšího Československa, kde jsem v roce 1991 byl přijat ke studiu na FAMU v Praze. Specializoval jsem se na dokumentární a redakční fotografii ve studiích Pavla Diase, Pavla Štechy a Viktora Koláře. Po absolvování s&nbsp;titulem BcA, jsem v roce 1995 pracoval pro různé noviny a fotografoval jsem pro časopisy a klubové promotéry, dokumentoval různé události, tvořil dokumentární cykly atd. V letech 2000-2008 jsem si udělal přestávku od fotografie a studoval Evangelickou Teologii na Karlově univerzitě. Mezi mé specializované oblasti ve fotografii patří foto žurnalistika a fotografie pro články, portréty a makro. Kromě technické kompetence je pro mě nanejvýš důležité, abych zachytil lidi způsobem, který odhalí něco o jejich vnitřních osobnostech. Mám relativně puristický přístup a upravuji fotografie takovým způsobem, který udržuje přirozenost a vzhled fotografie spíše než aby vypadaly jako digitální umění.</p>
</div></div>
